{"id":281,"date":"2020-09-10T11:28:04","date_gmt":"2020-09-10T08:28:04","guid":{"rendered":"https:\/\/www.timecolourtime.com\/52e3e-about\/"},"modified":"2023-10-02T12:14:54","modified_gmt":"2023-10-02T09:14:54","slug":"hakkimizda","status":"publish","type":"page","link":"https:\/\/www.timecolourtime.com\/?page_id=281","title":{"rendered":"Hakk\u0131m\u0131zda"},"content":{"rendered":"\t\t<div data-elementor-type=\"wp-page\" data-elementor-id=\"281\" class=\"elementor elementor-281\">\n\t\t\t\t\t\t<header class=\"elementor-section elementor-top-section elementor-element elementor-element-14081e61 elementor-section-full_width elementor-section-height-min-height elementor-section-content-middle elementor-section-height-default elementor-section-items-middle\" data-id=\"14081e61\" data-element_type=\"section\" data-e-type=\"section\" data-settings=\"{&quot;background_background&quot;:&quot;classic&quot;}\">\n\t\t\t\t\t\t<div class=\"elementor-container elementor-column-gap-no\">\n\t\t\t\t\t<div class=\"elementor-column elementor-col-100 elementor-top-column elementor-element elementor-element-639a2e14\" data-id=\"639a2e14\" data-element_type=\"column\" data-e-type=\"column\" data-settings=\"{&quot;background_background&quot;:&quot;classic&quot;}\">\n\t\t\t<div class=\"elementor-widget-wrap elementor-element-populated\">\n\t\t\t\t\t\t<div class=\"elementor-element elementor-element-77e18a54 elementor-widget elementor-widget-image\" data-id=\"77e18a54\" data-element_type=\"widget\" data-e-type=\"widget\" data-widget_type=\"image.default\">\n\t\t\t\t<div class=\"elementor-widget-container\">\n\t\t\t\t\t\t\t\t\t\t\t\t\t\t\t<img fetchpriority=\"high\" decoding=\"async\" width=\"1920\" height=\"1280\" src=\"https:\/\/www.timecolourtime.com\/wp-content\/uploads\/2023\/07\/beautiful-outdoor-swimming-pooll.jpg\" class=\"attachment-full size-full wp-image-595\" alt=\"\" srcset=\"https:\/\/www.timecolourtime.com\/wp-content\/uploads\/2023\/07\/beautiful-outdoor-swimming-pooll.jpg 1920w, https:\/\/www.timecolourtime.com\/wp-content\/uploads\/2023\/07\/beautiful-outdoor-swimming-pooll-600x400.jpg 600w, https:\/\/www.timecolourtime.com\/wp-content\/uploads\/2023\/07\/beautiful-outdoor-swimming-pooll-300x200.jpg 300w, https:\/\/www.timecolourtime.com\/wp-content\/uploads\/2023\/07\/beautiful-outdoor-swimming-pooll-1024x683.jpg 1024w, https:\/\/www.timecolourtime.com\/wp-content\/uploads\/2023\/07\/beautiful-outdoor-swimming-pooll-768x512.jpg 768w, https:\/\/www.timecolourtime.com\/wp-content\/uploads\/2023\/07\/beautiful-outdoor-swimming-pooll-1536x1024.jpg 1536w\" sizes=\"(max-width: 1920px) 100vw, 1920px\" \/>\t\t\t\t\t\t\t\t\t\t\t\t\t\t\t<\/div>\n\t\t\t\t<\/div>\n\t\t\t\t\t<\/div>\n\t\t<\/div>\n\t\t\t\t\t<\/div>\n\t\t<\/header>\n\t\t\t\t<section class=\"elementor-section elementor-top-section elementor-element elementor-element-2f1193d1 elementor-section-content-middle elementor-section-full_width elementor-reverse-mobile elementor-reverse-tablet elementor-section-height-default elementor-section-height-default\" data-id=\"2f1193d1\" data-element_type=\"section\" data-e-type=\"section\">\n\t\t\t\t\t\t<div class=\"elementor-container elementor-column-gap-no\">\n\t\t\t\t\t<div class=\"elementor-column elementor-col-50 elementor-top-column elementor-element elementor-element-6268c9d0\" data-id=\"6268c9d0\" data-element_type=\"column\" data-e-type=\"column\">\n\t\t\t<div class=\"elementor-widget-wrap elementor-element-populated\">\n\t\t\t\t\t\t<div class=\"elementor-element elementor-element-5076489d elementor-widget elementor-widget-image\" data-id=\"5076489d\" data-element_type=\"widget\" data-e-type=\"widget\" data-widget_type=\"image.default\">\n\t\t\t\t<div class=\"elementor-widget-container\">\n\t\t\t\t\t\t\t\t\t\t\t\t\t\t\t<img decoding=\"async\" width=\"768\" height=\"1024\" src=\"https:\/\/www.timecolourtime.com\/wp-content\/uploads\/2023\/10\/dukkan-yeni-fotoo-768x1024.jpg\" class=\"attachment-large size-large wp-image-939\" alt=\"\" srcset=\"https:\/\/www.timecolourtime.com\/wp-content\/uploads\/2023\/10\/dukkan-yeni-fotoo-768x1024.jpg 768w, https:\/\/www.timecolourtime.com\/wp-content\/uploads\/2023\/10\/dukkan-yeni-fotoo-225x300.jpg 225w, https:\/\/www.timecolourtime.com\/wp-content\/uploads\/2023\/10\/dukkan-yeni-fotoo-600x800.jpg 600w, https:\/\/www.timecolourtime.com\/wp-content\/uploads\/2023\/10\/dukkan-yeni-fotoo.jpg 1050w\" sizes=\"(max-width: 768px) 100vw, 768px\" \/>\t\t\t\t\t\t\t\t\t\t\t\t\t\t\t<\/div>\n\t\t\t\t<\/div>\n\t\t\t\t\t<\/div>\n\t\t<\/div>\n\t\t\t\t<div class=\"elementor-column elementor-col-50 elementor-top-column elementor-element elementor-element-24ea0cb2\" data-id=\"24ea0cb2\" data-element_type=\"column\" data-e-type=\"column\">\n\t\t\t<div class=\"elementor-widget-wrap elementor-element-populated\">\n\t\t\t\t\t\t<div class=\"elementor-element elementor-element-2d169450 elementor-widget elementor-widget-heading\" data-id=\"2d169450\" data-element_type=\"widget\" data-e-type=\"widget\" data-widget_type=\"heading.default\">\n\t\t\t\t<div class=\"elementor-widget-container\">\n\t\t\t\t\t<h1 class=\"elementor-heading-title elementor-size-default\">Hakk\u0131m\u0131zda<\/h1>\t\t\t\t<\/div>\n\t\t\t\t<\/div>\n\t\t\t\t<div class=\"elementor-element elementor-element-610cf775 elementor-widget elementor-widget-text-editor\" data-id=\"610cf775\" data-element_type=\"widget\" data-e-type=\"widget\" data-widget_type=\"text-editor.default\">\n\t\t\t\t<div class=\"elementor-widget-container\">\n\t\t\t\t\t\t\t\t\t<p>Akku\u015f Hal\u0131 1986 y\u0131l\u0131ndan bu yana, ba\u015fta Antalya ve Akdeniz b\u00f6lgesi olmak\u00a0 \u00fczere, t\u00fcm \u00fclkemizde Perakende ve Toptan olarak Par\u00e7a Hal\u0131, Yolluklar &amp; Paspaslar, Showroom Hal\u0131lar\u0131, \u00c7im Hal\u0131lar, Duvardan Duvara hal\u0131lar gibi Hal\u0131c\u0131l\u0131k ticari faaliyetlerini s\u00fcrd\u00fcrmektedir.<\/p><p>Akku\u015f Hal\u0131c\u0131l\u0131k&#8217;\u0131n \u00e7at\u0131s\u0131 alt\u0131nda olarak Colour Time markas\u0131 i\u015fte bu tecr\u00fcbenin, birikimin g\u00fcc\u00fcyle sizlere hizmet etmekten gurur duyar.<\/p>\t\t\t\t\t\t\t\t<\/div>\n\t\t\t\t<\/div>\n\t\t\t\t\t<\/div>\n\t\t<\/div>\n\t\t\t\t\t<\/div>\n\t\t<\/section>\n\t\t\t\t<section class=\"elementor-section elementor-top-section elementor-element elementor-element-27e8af9b elementor-section-content-middle elementor-section-full_width elementor-section-height-default elementor-section-height-default\" data-id=\"27e8af9b\" data-element_type=\"section\" data-e-type=\"section\">\n\t\t\t\t\t\t<div class=\"elementor-container elementor-column-gap-no\">\n\t\t\t\t\t<div class=\"elementor-column elementor-col-50 elementor-top-column elementor-element elementor-element-6bc64043\" data-id=\"6bc64043\" data-element_type=\"column\" data-e-type=\"column\">\n\t\t\t<div class=\"elementor-widget-wrap elementor-element-populated\">\n\t\t\t\t\t\t<div class=\"elementor-element elementor-element-eb0aef5 elementor-widget elementor-widget-heading\" data-id=\"eb0aef5\" data-element_type=\"widget\" data-e-type=\"widget\" data-widget_type=\"heading.default\">\n\t\t\t\t<div class=\"elementor-widget-container\">\n\t\t\t\t\t<h2 class=\"elementor-heading-title elementor-size-default\">Vizyon ve\nMisyonumuz<\/h2>\t\t\t\t<\/div>\n\t\t\t\t<\/div>\n\t\t\t\t<div class=\"elementor-element elementor-element-17eaa67d elementor-widget elementor-widget-text-editor\" data-id=\"17eaa67d\" data-element_type=\"widget\" data-e-type=\"widget\" data-widget_type=\"text-editor.default\">\n\t\t\t\t<div class=\"elementor-widget-container\">\n\t\t\t\t\t\t\t\t\t<p>Colour Time, y\u00fcksek kaliteli \u00fcr\u00fcnleri ve s\u00fcrekli yenilenen koleksiyonlar\u0131 ile d\u00fcnyadaki dekorasyon modas\u0131n\u0131 yak\u0131ndan takip etmekte olup; pazar\u0131ndaki dekorasyon trendlerine y\u00f6n vermektedir. Birbirinden Kaliteli ve Hesapl\u0131 \u00dcr\u00fcnleri de yerli piyasaya tan\u0131tmaktad\u0131r.<\/p><p>Akku\u015f Hal\u0131c\u0131l\u0131k olarak ise, hal\u0131 dokuma sanat\u0131n\u0131 ya\u015fatmay\u0131, geli\u015ftirmeyi ve yaymay\u0131, bunu yaparken de istihdam sa\u011flamak ki\u015filerin ekonomisine katk\u0131da bulunmay\u0131 ama\u00e7 edinmi\u015f ve bunu yaparken de M\u00fc\u015fteri Memnuniyetini de en \u00fcst d\u00fczeyde tutmaya \u00f6zen g\u00f6stererek \u00f6nc\u00fc bir \u015firket olmay\u0131 hedef edinmi\u015ftir.<\/p>\t\t\t\t\t\t\t\t<\/div>\n\t\t\t\t<\/div>\n\t\t\t\t\t<\/div>\n\t\t<\/div>\n\t\t\t\t<div class=\"elementor-column elementor-col-50 elementor-top-column elementor-element elementor-element-1be39742\" data-id=\"1be39742\" data-element_type=\"column\" data-e-type=\"column\">\n\t\t\t<div class=\"elementor-widget-wrap elementor-element-populated\">\n\t\t\t\t\t\t<div class=\"elementor-element elementor-element-73dcbdde elementor-widget elementor-widget-image\" data-id=\"73dcbdde\" data-element_type=\"widget\" data-e-type=\"widget\" data-widget_type=\"image.default\">\n\t\t\t\t<div class=\"elementor-widget-container\">\n\t\t\t\t\t\t\t\t\t\t\t\t\t\t\t<img decoding=\"async\" width=\"1536\" height=\"987\" src=\"https:\/\/www.timecolourtime.com\/wp-content\/uploads\/2023\/10\/vizyon-1-1536x987.jpg\" class=\"attachment-1536x1536 size-1536x1536 wp-image-941\" alt=\"\" srcset=\"https:\/\/www.timecolourtime.com\/wp-content\/uploads\/2023\/10\/vizyon-1-1536x987.jpg 1536w, https:\/\/www.timecolourtime.com\/wp-content\/uploads\/2023\/10\/vizyon-1-300x193.jpg 300w, https:\/\/www.timecolourtime.com\/wp-content\/uploads\/2023\/10\/vizyon-1-1024x658.jpg 1024w, https:\/\/www.timecolourtime.com\/wp-content\/uploads\/2023\/10\/vizyon-1-768x494.jpg 768w, https:\/\/www.timecolourtime.com\/wp-content\/uploads\/2023\/10\/vizyon-1-600x386.jpg 600w, https:\/\/www.timecolourtime.com\/wp-content\/uploads\/2023\/10\/vizyon-1.jpg 1556w\" sizes=\"(max-width: 1536px) 100vw, 1536px\" \/>\t\t\t\t\t\t\t\t\t\t\t\t\t\t\t<\/div>\n\t\t\t\t<\/div>\n\t\t\t\t\t<\/div>\n\t\t<\/div>\n\t\t\t\t\t<\/div>\n\t\t<\/section>\n\t\t\t\t<section class=\"elementor-section elementor-top-section elementor-element elementor-element-eeb7413 elementor-section-content-middle elementor-reverse-tablet elementor-reverse-mobile elementor-section-boxed elementor-section-height-default elementor-section-height-default\" data-id=\"eeb7413\" data-element_type=\"section\" data-e-type=\"section\">\n\t\t\t\t\t\t<div class=\"elementor-container elementor-column-gap-no\">\n\t\t\t\t\t<div class=\"elementor-column elementor-col-100 elementor-top-column elementor-element elementor-element-291bc92a\" data-id=\"291bc92a\" data-element_type=\"column\" data-e-type=\"column\">\n\t\t\t<div class=\"elementor-widget-wrap elementor-element-populated\">\n\t\t\t\t\t\t<div class=\"elementor-element elementor-element-7ba084c5 elementor-widget elementor-widget-heading\" data-id=\"7ba084c5\" data-element_type=\"widget\" data-e-type=\"widget\" data-widget_type=\"heading.default\">\n\t\t\t\t<div class=\"elementor-widget-container\">\n\t\t\t\t\t<h3 class=\"elementor-heading-title elementor-size-default\">Ba\u011flant\u0131da olal\u0131m<\/h3>\t\t\t\t<\/div>\n\t\t\t\t<\/div>\n\t\t\t\t<div class=\"elementor-element elementor-element-5be84b19 elementor-widget elementor-widget-text-editor\" data-id=\"5be84b19\" data-element_type=\"widget\" data-e-type=\"widget\" data-widget_type=\"text-editor.default\">\n\t\t\t\t<div class=\"elementor-widget-container\">\n\t\t\t\t\t\t\t\t\t<h3 class=\"elementor-heading-title elementor-size-default\">Birlikte \u00e7ok g\u00fczel i\u015fler yapabiliriz<\/h3>\t\t\t\t\t\t\t\t<\/div>\n\t\t\t\t<\/div>\n\t\t\t\t<div class=\"elementor-element elementor-element-456e393e elementor-align-center elementor-mobile-align-center elementor-widget elementor-widget-button\" data-id=\"456e393e\" data-element_type=\"widget\" data-e-type=\"widget\" data-widget_type=\"button.default\">\n\t\t\t\t<div class=\"elementor-widget-container\">\n\t\t\t\t\t\t\t\t\t<div class=\"elementor-button-wrapper\">\n\t\t\t\t\t<a class=\"elementor-button elementor-button-link elementor-size-sm\" href=\"\/iletisim\">\n\t\t\t\t\t\t<span class=\"elementor-button-content-wrapper\">\n\t\t\t\t\t\t\t\t\t<span class=\"elementor-button-text\">\u0130leti\u015fim<\/span>\n\t\t\t\t\t<\/span>\n\t\t\t\t\t<\/a>\n\t\t\t\t<\/div>\n\t\t\t\t\t\t\t\t<\/div>\n\t\t\t\t<\/div>\n\t\t\t\t\t<\/div>\n\t\t<\/div>\n\t\t\t\t\t<\/div>\n\t\t<\/section>\n\t\t\t\t<section class=\"elementor-section elementor-top-section elementor-element elementor-element-eaaf26c elementor-section-boxed elementor-section-height-default elementor-section-height-default\" data-id=\"eaaf26c\" data-element_type=\"section\" data-e-type=\"section\">\n\t\t\t\t\t\t<div class=\"elementor-container elementor-column-gap-default\">\n\t\t\t\t\t<div class=\"elementor-column elementor-col-100 elementor-top-column elementor-element elementor-element-0a4cdf6\" data-id=\"0a4cdf6\" data-element_type=\"column\" data-e-type=\"column\">\n\t\t\t<div class=\"elementor-widget-wrap elementor-element-populated\">\n\t\t\t\t\t\t<div class=\"elementor-element elementor-element-c9ff1d9 elementor-widget elementor-widget-spacer\" data-id=\"c9ff1d9\" data-element_type=\"widget\" data-e-type=\"widget\" data-widget_type=\"spacer.default\">\n\t\t\t\t<div class=\"elementor-widget-container\">\n\t\t\t\t\t\t\t<div class=\"elementor-spacer\">\n\t\t\t<div class=\"elementor-spacer-inner\"><\/div>\n\t\t<\/div>\n\t\t\t\t\t\t<\/div>\n\t\t\t\t<\/div>\n\t\t\t\t\t<\/div>\n\t\t<\/div>\n\t\t\t\t\t<\/div>\n\t\t<\/section>\n\t\t\t\t<\/div>\n\t\t","protected":false},"excerpt":{"rendered":"<p>Hakk\u0131m\u0131zda Akku\u015f Hal\u0131 1986 y\u0131l\u0131ndan bu yana, ba\u015fta Antalya ve Akdeniz b\u00f6lgesi olmak\u00a0 \u00fczere, t\u00fcm \u00fclkemizde Perakende ve Toptan olarak Par\u00e7a Hal\u0131, Yolluklar &amp; Paspaslar, Showroom Hal\u0131lar\u0131, \u00c7im Hal\u0131lar, Duvardan Duvara hal\u0131lar gibi Hal\u0131c\u0131l\u0131k ticari faaliyetlerini s\u00fcrd\u00fcrmektedir. Akku\u015f Hal\u0131c\u0131l\u0131k&#8217;\u0131n \u00e7at\u0131s\u0131 alt\u0131nda olarak Colour Time markas\u0131 i\u015fte bu tecr\u00fcbenin, birikimin g\u00fcc\u00fcyle sizlere hizmet etmekten gurur duyar.&hellip;&nbsp;<a href=\"https:\/\/www.timecolourtime.com\/?page_id=281\" rel=\"bookmark\">Daha fazlas\u0131n\u0131 oku &raquo;<span class=\"screen-reader-text\">Hakk\u0131m\u0131zda<\/span><\/a><\/p>\n","protected":false},"author":1,"featured_media":0,"parent":0,"menu_order":0,"comment_status":"closed","ping_status":"closed","template":"elementor_header_footer","meta":{"neve_meta_sidebar":"full-width","neve_meta_container":"","neve_meta_enable_content_width":"on","neve_meta_content_width":100,"neve_meta_title_alignment":"","neve_meta_author_avatar":"","neve_post_elements_order":"","neve_meta_disable_header":"","neve_meta_disable_footer":"","neve_meta_disable_title":"on","footnotes":""},"class_list":["post-281","page","type-page","status-publish","hentry"],"jetpack_sharing_enabled":true,"_links":{"self":[{"href":"https:\/\/www.timecolourtime.com\/index.php?rest_route=\/wp\/v2\/pages\/281","targetHints":{"allow":["GET"]}}],"collection":[{"href":"https:\/\/www.timecolourtime.com\/index.php?rest_route=\/wp\/v2\/pages"}],"about":[{"href":"https:\/\/www.timecolourtime.com\/index.php?rest_route=\/wp\/v2\/types\/page"}],"author":[{"embeddable":true,"href":"https:\/\/www.timecolourtime.com\/index.php?rest_route=\/wp\/v2\/users\/1"}],"replies":[{"embeddable":true,"href":"https:\/\/www.timecolourtime.com\/index.php?rest_route=%2Fwp%2Fv2%2Fcomments&post=281"}],"version-history":[{"count":13,"href":"https:\/\/www.timecolourtime.com\/index.php?rest_route=\/wp\/v2\/pages\/281\/revisions"}],"predecessor-version":[{"id":1038,"href":"https:\/\/www.timecolourtime.com\/index.php?rest_route=\/wp\/v2\/pages\/281\/revisions\/1038"}],"wp:attachment":[{"href":"https:\/\/www.timecolourtime.com\/index.php?rest_route=%2Fwp%2Fv2%2Fmedia&parent=281"}],"curies":[{"name":"wp","href":"https:\/\/api.w.org\/{rel}","templated":true}]}}